eatest common factor of 4346440 and 4655.
665
Calculate the greatest common divisor of 514096 and 130768.
176
Calculate the greatest common divisor of 4047683 and 187.
17
Calculate the highest common divisor of 3982 and 28572841.
1991
What is the highest common factor of 7497325 and 143?
11
What is the highest common divisor of 5412 and 1800612?
132
Calculate the highest common factor of 1791379 and 67.
67
Calculate the greatest common factor of 4560 and 302062.
38
What is the highest common factor of 3486 and 111498?
6
Calculate the greatest common factor of 184163294 and 28.
14
What is the highest common divisor of 508351 and 354603?
289
Calculate the highest common divisor of 87480 and 43335.
405
Calculate the highest common divisor of 50 and 17029910.
10
What is the greatest common factor of 381924 and 2556?
36
What is the highest common divisor of 495 and 24292510?
55
Calculate the highest common factor of 2463680 and 28096.
64
What is the greatest common factor of 1136158 and 237974?
746
Calculate the greatest common factor of 178741 and 16967.
47
What is the greatest common factor of 106708 and 15372?
28
What is the highest common divisor of 124 and 168552518?
62
What is the greatest common factor of 740 and 4920260?
740
Calculate the highest common factor of 824481 and 3427.
23
What is the highest common divisor of 325510 and 1039310?
430
What is the highest common divisor of 617147090 and 2380?
1190
What is the greatest common factor of 16310289 and 483?
69
What is the greatest common factor of 370224196 and 57?
19
Calculate the greatest common factor of 7974200 and 3000.
200
What is the highest common factor of 209475 and 306054?
441
Calculate the greatest common divisor of 1458 and 277677.
9
What is the greatest common factor of 21379421 and 14?
7
Calculate the highest common divisor of 27000 and 956500.
500
What is the highest common divisor of 180003272 and 536?
536
Calculate the highest common factor of 163809921 and 341.
341
Calculate the greatest common divisor of 20 and 5329304.
4
Calculate the greatest common factor of 151463421 and 323.
323
Calculate the greatest common factor of 976999 and 9937.
19
What is the highest common divisor of 31359155 and 905?
905
Calculate the greatest common divisor of 302493 and 1239.
177
What is the greatest common divisor of 41845620 and 165?
15
What is the greatest common factor of 1272 and 12927768?
24
Calculate the greatest common factor of 15640548 and 2464.
308
Calculate the greatest common divisor of 1501758 and 2292.
6
What is the highest common factor of 22119468 and 483?
483
Calculate the highest common divisor of 20 and 285115740.
20
What is the highest common factor of 24 and 112089?
3
Calculate the highest common factor of 578986730 and 280.
70
What is the greatest common factor of 716490938 and 1084?
542
Calculate the highest common divisor of 21 and 235474617.
21
Calculate the greatest common divisor of 835720 and 1615.
85
Calculate the greatest common factor of 11196 and 432.
36
What is the highest common factor of 36 and 1011158964?
36
What is the greatest common factor of 12 and 2749385532?
12
What is the highest common factor of 11563 and 77177803?
373
Calculate the greatest common divisor of 11869940 and 10.
10
Calculate the greatest common factor of 73554572 and 36524.
1588
Calculate the highest common factor of 59574173 and 583.
53
What is the highest common factor of 10066056 and 327096?
1848
Calculate the greatest common divisor of 237 and 1043669.
79
What is the highest common divisor of 678291 and 12129?
933
Calculate the greatest common factor of 221985 and 12105.
45
What is the greatest common factor of 1930064 and 169900?
6796
What is the greatest common factor of 44 and 10703462?
22
What is the greatest common divisor of 3656268 and 15246?
1386
Calculate the greatest common factor of 5460870 and 34.
2
What is the highest common divisor of 6750 and 1591380?
270
What is the greatest common divisor of 7754875 and 75?
25
What is the greatest common factor of 70 and 12323556?
14
Calculate the greatest common divisor of 45745 and 1576242.
1307
What is the highest common factor of 50843502 and 9?
9
What is the highest common factor of 6159708 and 1908?
36
Calculate the highest common factor of 406 and 19352512.
58
Calculate the highest common factor of 6518277 and 2013.
183
What is the highest common factor of 408575 and 79650?
1475
Calculate the greatest common divisor of 11259880 and 4.
4
Calculate the highest common factor of 80580249 and 99.
9
Calculate the highest common factor of 5302 and 103343692.
482
Calculate the greatest common factor of 127575 and 156345.
105
What is the highest common factor of 40524 and 1749?
33
What is the highest common divisor of 3372798 and 715?
143
What is the highest common factor of 48 and 36537392?
16
What is the greatest common divisor of 381 and 2497328?
127
Calculate the highest common factor of 145788 and 11100.
12
What is the highest common factor of 2467 and 594465589?
2467
Calculate the greatest common factor of 5706 and 10512.
18
What is the greatest common divisor of 3487864 and 344?
8
Calculate the highest common factor of 38151 and 863343.
1413
What is the greatest common factor of 225020 and 100?
20
Calculate the greatest common factor of 6342 and 1912566.
906
What is the highest common divisor of 24 and 341001978?
6
Calculate the highest common factor of 33131041 and 19.
19
What is the greatest common factor of 412 and 3347?
1
What is the highest common divisor of 14309013 and 69?
69
What is the highest common divisor of 52836 and 81681348?
3108
What is the highest common factor of 3408 and 2232524?
284
Calculate the greatest common factor of 11497409 and 1577.
83
What is the highest common divisor of 768 and 2518818?
6
What is the greatest common divisor of 243515 and 128255?
565
Calculate the greatest common divisor of 219114 and 527324.
518
Calculate the highest common divisor of 488844 and 521140.
1468
What is the greatest common factor of 1241 and 176148781?
1241
What is the highest common factor of 447 and 2796879?
447
What is the highest common factor of 94969524 and 494?
494
Calculate the highest common divisor of 365267 and 7.
7
What is the greatest common divisor of 3499227 and 327?
327
Calculate the greatest common factor of 6183046 and 574.
82
Calculate the highest common factor of 218 and 8524454.
218
What is the greatest common divisor of 9204688 and 1306?
1306
What is the highest common divisor of 938883 and 158079?
69
What is the highest common factor of 4838572 and 918064?
4684
What is the greatest common factor of 7625123 and 4309?
139
Calculate the greatest common divisor of 157 and 13300883.
157
Calculate the greatest common factor of 1380 and 5004750.
30
What is the highest common factor of 25078896 and 648?
648
What is the greatest common factor of 1809703974 and 1261?
1261
What is the greatest common factor of 15725668 and 8?
4
Calculate the greatest common factor of 384777936 and 5007.
5007
What is the greatest common factor of 155 and 2141480?
155
What is the highest common divisor of 1097 and 2174428423?
1097
What is the highest common divisor of 29381011 and 122075?
4883
Calculate the highest common factor of 16080 and 883060.
1340
What is the highest common divisor of 11424 and 132328?
952
Calculate the highest common factor of 61362 and 96138.
126
Calculate the highest common factor of 8568 and 2058252.
84
What is the greatest common divisor of 1464 and 25252048?
488
Calculate the greatest common factor of 7589343 and 327.
327
What is the highest common factor of 71775 and 331325?
725
Calculate the highest common factor of 498 and 78742515.
249
What is the highest common divisor of 94164 and 900011?
133
What is the greatest common divisor of 131527 and 396?
11
Calculate the greatest common divisor of 25272 and 124065.
27
Calculate the greatest common divisor of 138 and 23598184.
46
What is the greatest common factor of 209657016 and 72?
72
Calculate the greatest common divisor of 88968683 and 37.
37
Calculate the greatest common factor of 829 and 1435096822.
829
What is the highest common factor of 106675 and 76925?
425
What is the greatest common divisor of 4944 and 6831372?
1236
Calcu